{"id":346,"date":"2018-07-11T09:28:39","date_gmt":"2018-07-11T09:28:39","guid":{"rendered":"http:\/\/xn--bzv-brhl-c6a.de\/?page_id=346"},"modified":"2026-03-11T16:13:25","modified_gmt":"2026-03-11T16:13:25","slug":"termine","status":"publish","type":"page","link":"https:\/\/xn--bzv-brhl-c6a.de\/?page_id=346","title":{"rendered":"Termine"},"content":{"rendered":"\t\t<div data-elementor-type=\"wp-post\" data-elementor-id=\"346\" class=\"elementor elementor-346\">\n\t\t\t\t\t\t<section class=\"elementor-section elementor-top-section elementor-element elementor-element-570d9f1 elementor-section-boxed elementor-section-height-default elementor-section-height-default\" data-id=\"570d9f1\" data-element_type=\"section\" data-e-type=\"section\">\n\t\t\t\t\t\t<div class=\"elementor-container elementor-column-gap-default\">\n\t\t\t\t\t<div class=\"elementor-column elementor-col-100 elementor-top-column elementor-element elementor-element-44bae44\" data-id=\"44bae44\" data-element_type=\"column\" data-e-type=\"column\">\n\t\t\t<div class=\"elementor-widget-wrap elementor-element-populated\">\n\t\t\t\t\t\t\t<\/div>\n\t\t<\/div>\n\t\t\t\t\t<\/div>\n\t\t<\/section>\n\t\t\t\t<section class=\"elementor-section elementor-top-section elementor-element elementor-element-21e1652 elementor-section-boxed elementor-section-height-default elementor-section-height-default\" data-id=\"21e1652\" data-element_type=\"section\" data-e-type=\"section\">\n\t\t\t\t\t\t<div class=\"elementor-container elementor-column-gap-default\">\n\t\t\t\t\t<div class=\"elementor-column elementor-col-100 elementor-top-column elementor-element elementor-element-fd31a6e\" data-id=\"fd31a6e\" data-element_type=\"column\" data-e-type=\"column\">\n\t\t\t<div class=\"elementor-widget-wrap elementor-element-populated\">\n\t\t\t\t\t\t<div class=\"elementor-element elementor-element-bf363ec elementor-widget elementor-widget-heading\" data-id=\"bf363ec\" data-element_type=\"widget\" data-e-type=\"widget\" data-widget_type=\"heading.default\">\n\t\t\t\t<div class=\"elementor-widget-container\">\n\t\t\t\t\t<h2 class=\"elementor-heading-title elementor-size-default\">Termine 2026<\/h2>\t\t\t\t<\/div>\n\t\t\t\t<\/div>\n\t\t\t\t\t<\/div>\n\t\t<\/div>\n\t\t\t\t\t<\/div>\n\t\t<\/section>\n\t\t\t\t<section class=\"elementor-section elementor-top-section elementor-element elementor-element-4d61a47 elementor-section-boxed elementor-section-height-default elementor-section-height-default\" data-id=\"4d61a47\" data-element_type=\"section\" data-e-type=\"section\">\n\t\t\t\t\t\t<div class=\"elementor-container elementor-column-gap-default\">\n\t\t\t\t\t<div class=\"elementor-column elementor-col-100 elementor-top-column elementor-element elementor-element-e32e38c\" data-id=\"e32e38c\" data-element_type=\"column\" data-e-type=\"column\">\n\t\t\t<div class=\"elementor-widget-wrap elementor-element-populated\">\n\t\t\t\t\t\t<div class=\"elementor-element elementor-element-960a1a7 elementor-widget__width-initial elementor-widget elementor-widget-text-editor\" data-id=\"960a1a7\" data-element_type=\"widget\" data-e-type=\"widget\" data-widget_type=\"text-editor.default\">\n\t\t\t\t<div class=\"elementor-widget-container\">\n\t\t\t\t\t\t\t\t\t<h1 style=\"text-align: center;\">14.03.26 Bezirksk\u00f6nigsschie\u00dfen bei Seb.Vochem (Ausschreibung laut Bezirksschie\u00dfmeister)<br \/>14.03.26 Bezirksprinzen- und Lieselchie\u00dfen bei Hub.Heide (Ausschreibung laut Bezirksschie\u00dfmeister)<br \/>14.03.26 Bezirksmajest\u00e4tenkr\u00f6nungsball bei Seb.Vochem 20:00Uhr<br \/>22.03.26 Bundesvertreterversammlung des Bundes in Langenfeld Richrath<br \/>11.04.26 bis 12.04.26 Di\u00f6zesanmeisterschaft HSB in Monheim\/Pier<br \/>18.04.26 bis 19.04.26 Di\u00f6zesanmeisterschaft HSB in Gymnich\/Stammheim und Niederpleis<br \/>19.04.26 Di\u00f6zesanjungsch\u00fctzenwallfahrt in Holweide<br \/>25.04.26 Di\u00f6zesanmeisterschaft HSB in Gymnich<br \/>29.05.26 Festkommerz Seb.Godorf (175 J\u00e4hriges Jubil\u00e4um)<br \/>30.05.26 K\u00f6nigsball Seb.Godorf<br \/>31.05.26 Sch\u00fctzenfest Godorf \/ Festzug 15:00 Uhr<br \/>07.06.26 Sch\u00fctzenfest Don. Efferen \/ Festzug 15:00 Uhr<br \/>14.06.26 Sch\u00fctzenfest Fischenich \/ Festzug 15:00 Uhr<br \/>21.06.26 Di\u00f6zesanjungsch\u00fctzentag in Solingen<br \/>21.06.26 Sch\u00fctzenfest Heide \/ Festzug 14:00 Uhr<br \/>27.06.26 Sch\u00fctzenfest Vochem \/ Einladung folgt<br \/>19.07.26 Sch\u00fctzenfest Br\u00fchl \/ Festzug 14:00 Uhr<br \/>02.08.26 Sch\u00fctzenfest Seb.Wesseling an St.Germanus<br \/>05.09.26 bis 06.09.26 Bundesmeisterschaft (vorraussichtlicher Termin)<br \/>11.09.26 bis 13.09. Bundessch\u00fctzenfest in Damme<br \/>19.09.26 K\u00f6nigsball Fischenich (immer 4. Wochenende im September)<br \/>19.09.26 bis zum 20.09.26 Bundesmeisterschaft (vorraussichtlicher Termin)<br \/>03.10.26 Bundesjungsch\u00fctzentag in Bedburg<br \/>03.10.26 K\u00f6nigsball Br\u00fchl (mit Vorbehalt immer 1. Wochenende im Oktober)<br \/>10.10.26 K\u00f6nigsball Vochem (mit Vorbehalt immer 2. Wochenende im Oktober)<br \/>??? Di\u00f6zesanstandarten\u00fcbergabe<br \/>17.10.26 Kr\u00f6nungsball Don.Efferen (mit Vorbehalt immer 3. Wochenende im Oktober) in Herm\u00fclheim<br \/>07.11.26 Hubertusball in Heide (1. Wochenende November) mit Vorbehalt<br \/>12.11.26 Di\u00f6zesanbruderratsversammlung bei Kun.Gymnich<\/h1><h1>===Alle Daten ohne Gew\u00e4hr!!!===<\/h1>\t\t\t\t\t\t\t\t<\/div>\n\t\t\t\t<\/div>\n\t\t\t\t\t<\/div>\n\t\t<\/div>\n\t\t\t\t\t<\/div>\n\t\t<\/section>\n\t\t\t\t<\/div>\n\t\t","protected":false},"excerpt":{"rendered":"<p>Termine 2026 14.03.26 Bezirksk\u00f6nigsschie\u00dfen bei Seb.Vochem (Ausschreibung laut Bezirksschie\u00dfmeister)14.03.26 Bezirksprinzen- und Lieselchie\u00dfen bei Hub.Heide (Ausschreibung laut Bezirksschie\u00dfmeister)14.03.26 Bezirksmajest\u00e4tenkr\u00f6nungsball bei Seb.Vochem 20:00Uhr22.03.26 Bundesvertreterversammlung des Bundes in Langenfeld Richrath11.04.26 bis 12.04.26 Di\u00f6zesanmeisterschaft HSB in Monheim\/Pier18.04.26 bis 19.04.26 Di\u00f6zesanmeisterschaft HSB in Gymnich\/Stammheim und Niederpleis19.04.26 Di\u00f6zesanjungsch\u00fctzenwallfahrt in Holweide25.04.26 Di\u00f6zesanmeisterschaft HSB in Gymnich29.05.26 Festkommerz Seb.Godorf (175 J\u00e4hriges Jubil\u00e4um)30.05.26 K\u00f6nigsball Seb.Godorf31.05.26 [&hellip;]<\/p>\n","protected":false},"author":1,"featured_media":0,"parent":0,"menu_order":0,"comment_status":"closed","ping_status":"closed","template":"","meta":{"ngg_post_thumbnail":0,"ocean_post_layout":"full-width","ocean_both_sidebars_style":"","ocean_both_sidebars_content_width":0,"ocean_both_sidebars_sidebars_width":0,"ocean_sidebar":"0","ocean_second_sidebar":"0","ocean_disable_margins":"enable","ocean_add_body_class":"","ocean_shortcode_before_top_bar":"","ocean_shortcode_after_top_bar":"","ocean_shortcode_before_header":"","ocean_shortcode_after_header":"","ocean_has_shortcode":"","ocean_shortcode_after_title":"","ocean_shortcode_before_footer_widgets":"","ocean_shortcode_after_footer_widgets":"","ocean_shortcode_before_footer_bottom":"","ocean_shortcode_after_footer_bottom":"","ocean_display_top_bar":"default","ocean_display_header":"default","ocean_header_style":"","ocean_center_header_left_menu":"0","ocean_custom_header_template":"0","ocean_custom_logo":0,"ocean_custom_retina_logo":0,"ocean_custom_logo_max_width":0,"ocean_custom_logo_tablet_max_width":0,"ocean_custom_logo_mobile_max_width":0,"ocean_custom_logo_max_height":0,"ocean_custom_logo_tablet_max_height":0,"ocean_custom_logo_mobile_max_height":0,"ocean_header_custom_menu":"0","ocean_menu_typo_font_family":"0","ocean_menu_typo_font_subset":"","ocean_menu_typo_font_size":0,"ocean_menu_typo_font_size_tablet":0,"ocean_menu_typo_font_size_mobile":0,"ocean_menu_typo_font_size_unit":"px","ocean_menu_typo_font_weight":"","ocean_menu_typo_font_weight_tablet":"","ocean_menu_typo_font_weight_mobile":"","ocean_menu_typo_transform":"","ocean_menu_typo_transform_tablet":"","ocean_menu_typo_transform_mobile":"","ocean_menu_typo_line_height":0,"ocean_menu_typo_line_height_tablet":0,"ocean_menu_typo_line_height_mobile":0,"ocean_menu_typo_line_height_unit":"","ocean_menu_typo_spacing":0,"ocean_menu_typo_spacing_tablet":0,"ocean_menu_typo_spacing_mobile":0,"ocean_menu_typo_spacing_unit":"","ocean_menu_link_color":"","ocean_menu_link_color_hover":"","ocean_menu_link_color_active":"","ocean_menu_link_background":"","ocean_menu_link_hover_background":"","ocean_menu_link_active_background":"","ocean_menu_social_links_bg":"","ocean_menu_social_hover_links_bg":"","ocean_menu_social_links_color":"","ocean_menu_social_hover_links_color":"","ocean_disable_title":"on","ocean_disable_heading":"default","ocean_post_title":"","ocean_post_subheading":"","ocean_post_title_style":"","ocean_post_title_background_color":"","ocean_post_title_background":0,"ocean_post_title_bg_image_position":"","ocean_post_title_bg_image_attachment":"","ocean_post_title_bg_image_repeat":"","ocean_post_title_bg_image_size":"","ocean_post_title_height":0,"ocean_post_title_bg_overlay":0.5,"ocean_post_title_bg_overlay_color":"","ocean_disable_breadcrumbs":"default","ocean_breadcrumbs_color":"","ocean_breadcrumbs_separator_color":"","ocean_breadcrumbs_links_color":"","ocean_breadcrumbs_links_hover_color":"","ocean_display_footer_widgets":"default","ocean_display_footer_bottom":"default","ocean_custom_footer_template":"0","footnotes":""},"class_list":["post-346","page","type-page","status-publish","hentry","entry"],"_links":{"self":[{"href":"https:\/\/xn--bzv-brhl-c6a.de\/index.php?rest_route=\/wp\/v2\/pages\/346","targetHints":{"allow":["GET"]}}],"collection":[{"href":"https:\/\/xn--bzv-brhl-c6a.de\/index.php?rest_route=\/wp\/v2\/pages"}],"about":[{"href":"https:\/\/xn--bzv-brhl-c6a.de\/index.php?rest_route=\/wp\/v2\/types\/page"}],"author":[{"embeddable":true,"href":"https:\/\/xn--bzv-brhl-c6a.de\/index.php?rest_route=\/wp\/v2\/users\/1"}],"replies":[{"embeddable":true,"href":"https:\/\/xn--bzv-brhl-c6a.de\/index.php?rest_route=%2Fwp%2Fv2%2Fcomments&post=346"}],"version-history":[{"count":42,"href":"https:\/\/xn--bzv-brhl-c6a.de\/index.php?rest_route=\/wp\/v2\/pages\/346\/revisions"}],"predecessor-version":[{"id":4691,"href":"https:\/\/xn--bzv-brhl-c6a.de\/index.php?rest_route=\/wp\/v2\/pages\/346\/revisions\/4691"}],"wp:attachment":[{"href":"https:\/\/xn--bzv-brhl-c6a.de\/index.php?rest_route=%2Fwp%2Fv2%2Fmedia&parent=346"}],"curies":[{"name":"wp","href":"https:\/\/api.w.org\/{rel}","templated":true}]}}